 prime factors of (-16200)/c - (-11 - -5).
2, 3, 181
Let k(v) be the third derivative of -v**5/60 - 7*v**4/12 + 7*v**3/6 + 8*v**2. Let o be k(-12). Suppose -2*w - 11 = -o. What are the prime factors of w?
2, 5
Let f = -23061 + 40421. List the prime factors of f.
2, 5, 7, 31
Let o = -16 - -27. Let g = -7 + o. Suppose -n + 404 = 6*w - 3*w, 3*w - 379 = g*n. What are the prime factors of w?
7, 19
Suppose 0 = 2*w - k - 37125, 4*k = -68 + 56. List the prime factors of w.
3, 23, 269
Let t be 4020/(-6)*(2 + 42/(-15)). Let l be -1 + 2/(-2) + 9. Suppose 0 = l*n - 9*n + t. What are the prime factors of n?
2, 67
Let r = 4292 + 3959. List the prime factors of r.
37, 223
Let x = 565 + 2838. List the prime factors of x.
41, 83
Let w = -204 + 215. Let x(i) = -i**3 + 10*i**2 + 29*i - 19. List the prime factors of x(w).
179
Let r(p) be the third derivative of 0 - 1/6*p**4 - 12*p**2 + 9*p**3 + 0*p. What are the prime factors of r(-6)?
2, 3, 13
Let p = 3278 + 7620. What are the prime factors of p?
2, 5449
List the prime factors of (-1662*(-28)/20)/(50/1125).
3, 7, 277
Let m = 35 + -38. Let i be m/4*(-2 - 2). Suppose -i*v = -5*v + 54. List the prime factors of v.
3
Suppose u + 780 = -3*m, 348 = -4*m - u - 692. Let k = m + 1211. List the prime factors of k.
3, 317
Let k = -98 - -311. Suppose -2*p + 280 = -2*a, 0 = 5*p + 2*a - k - 480. Suppose 4*d - 3*d = p. List the prime factors of d.
139
Let j = 1508 - 394. Suppose -5*h - n + j = -607, 4*n - 1364 = -4*h. List the prime factors of h.
3, 5, 23
Suppose 51*u + 37*u + 71444 = 1369180. What are the prime factors of u?
14747
Let l(s) = 4*s - 20. Let y be l(6). Let v(j) = -292*j**2 - y*j + 302*j**2 - 2 + 6. List the prime factors of v(4).
2, 37
Suppose 34*x + r = 31*x + 210036, -13*r - 140024 = -2*x. What are the prime factors of x?
2, 23, 761
Suppose 22*f - 23*f = -788. Suppose -4*n + f + 1152 = 0. List the prime factors of n.
5, 97
List the prime factors of (-1958010)/(-42) - 81/189*(-6)/(-9).
46619
Suppose 1811 = v - g, -3*v + 8*g = 12*g - 5447. List the prime factors of v.
7, 37
Let p = 345 - -115. What are the prime factors of (552/p)/(3/3530)?
2, 353
Suppose 0 = 2*u - 2*f - 5 - 5, -20 = -3*u + 4*f. Suppose u = 17*h - 31*h + 4718. List the prime factors of h.
337
Let c(z) = 7222*z**3 - 5*z + 6. List the prime factors of c(1).
31, 233
Let m = -84666 - -137622. What are the prime factors of m?
2, 3, 1471
Let d be (-36)/(-27)*(-1 + 13/4). Suppose d*w = -4*a + 651, 0 = 5*w + 4*a - 2*a - 1071. List the prime factors of w.
3, 71
Let q = -771 + -92. Let d = q - -1467. What are the prime factors of d?
2, 151
Let y = -232 - -238. Suppose -y*l - 1634 = -6956. List the prime factors of l.
887
Let p(g) = -2*g**2 - 20*g - 13. Let l be p(-9). Suppose 5*o + l*y - 1416 = 2*o, 5*o - 5*y - 2320 = 0. What are the prime factors of o?
467
Let p = 5424 + -532. Suppose -11*w - p + 21568 = 0. What are the prime factors of w?
2, 379
Suppose 0 = 9*c - 36 - 18. Suppose -c*w + 304 = -2*w. Suppose 4*s = 68 + w. What are the prime factors of s?
2, 3
What are the prime factors of (-12)/(-6)*(-8 - -1248 - 2/(-2))?
2, 17, 73
Let x = 15360 + -9339. List the prime factors of x.
3, 223
Let g = -23 - -37. Suppose -5*z = g*z - 7087. What are the prime factors of z?
373
Suppose -29*a + 1583601 = 558654. Suppose 31*c = -2*c + a. What are the prime factors of c?
3, 7, 17
Let y(r) = -142*r + 149 - 262 + 162. List the prime factors of y(-2).
3, 37
Let j(h) be the first derivative of 15*h**2/2 + 109*h + 268. What are the prime factors of j(18)?
379
Let k(z) = z**3 + 10*z**2 + 14*z - 3. Let n be k(-8). Suppose 0 = -5*o + 53 - n. Suppose -o*f + 169 = 33. List the prime factors of f.
17
Let w be -30 - (2 + -4 + 0). Let h(q) = q**3 - 22*q**2 - 47*q + 8. Let g be h(24). Let v = g - w. What are the prime factors of v?
2, 3, 5
Suppose 0 = 5*n - 3*s + 251, 0 = 28*n - 25*n + 2*s + 162. List the prime factors of (-13)/n + (-2502)/(-8).
313
Let f(l) = 44*l + 15 + 9*l - 22 + 9*l. Let a be f(7). Suppose a = 5*x + 2*x. List the prime factors of x.
61
Let p = 93 + -40. Suppose p*w + 75 = 58*w. Suppose -w*l + l = -1722. What are the prime factors of l?
3, 41
Suppose -3758 = -5*b + 1287. Let n = 1760 - b. List the prime factors of n.
751
Suppose -10 = -5*x, 4*v - 17*x = -22*x + 212046. List the prime factors of v.
11, 61, 79
Suppose 28 + 5 = 3*p. Let m(w) = w**2 - 11*w + 15. Let y be m(p). Suppose -2*s = 3*j - 129, 0*s - 5*s = y. What are the prime factors of j?
3, 5
Suppose 9*o = 42 - 15. Suppose -2*s = -0*s - 2*i - 8, 16 = o*s - i. List the prime factors of (34 + 4)*s - 3.
3, 5
Let v = -25218 + 32863. What are the prime factors of v?
5, 11, 139
Let y(k) = 91*k + 191. Let s(l) = 46*l + 95. Let t(n) = 5*s(n) - 2*y(n). List the prime factors of t(7).
3, 11, 13
Suppose -1009 = -q + 5*u, 0 = -q + u + 669 + 372. What are the prime factors of q?
1049
Suppose 62620 = -23*u + 1862991. What are the prime factors of u?
78277
Suppose -4*d + 1044 = 3*l, -2*d - l = 4*l - 508. Let t = 434 + d. List the prime factors of t.
2, 349
Suppose -y + 7272 = -9*y. Let g = -204 - y. List the prime factors of g.
3, 5, 47
Suppose 0 = 4*b - j - 7529, j + 2195 = 2*b - 1572. Suppose -b = 12*r - 15*r. Suppose 5*a - r = 163. List the prime factors of a.
2, 79
Suppose -13*g + 120128 + 634392 = 0. List the prime factors of g.
2, 5, 1451
Suppose 132 = 4*p - 0*p. Let u = 321 + p. Suppose u = 5*f + 2*x - 0*x, 5*f = x + 363. What are the prime factors of f?
2, 3
Suppose 4*l - 89443 = 4*s - 20547, -17236 = -l + 4*s. List the prime factors of l.
2, 3, 5, 7, 41
Let i(j) be the first derivative of 0*j + 29 - j**2 + 7*j - 26 - 2*j. List the prime factors of i(-6).
17
Let s be (3 - 4828/(-12)) + (-2)/6. Let f = s + -255. What are the prime factors of f?
2, 3, 5
Suppose -9*g + 5*g = -f - 189, 0 = -g - f + 51. Suppose -g*z = -63908 + 10436. List the prime factors of z.
2, 557
Let l(o) = 3*o**2 + 23*o + 25. Let j be l(-6). List the prime factors of 295/118*(-842)/j.
421
Let n = 21891 - 12957. List the prime factors of n.
2, 3, 1489
Let f(l) = -l**3 + 10*l**2 + 18*l - 4. Let y(s) = -5*s**3 + 39*s**2 + 71*s - 16. Let g(r) = 9*f(r) - 2*y(r). What are the prime factors of g(-8)?
2, 23
Let j(m) = -1098*m + 897. What are the prime factors of j(-15)?
3, 7, 827
Suppose 0 = -3*f - 10*w + 15960, 5*w = -2*f + 3*w + 10612. What are the prime factors of f?
2, 5, 53
Let t(p) = 2*p - 6. Let l be t(4). Suppose -30 = -2*z - 3*n, n - 2 - l = 0. Suppose 0 = -z*a - 412 + 1366. List the prime factors of a.
2, 53
Suppose 40*t + 4*t = -20*t + 1605120. What are the prime factors of t?
2, 3, 5, 11, 19
Let m be (-27)/(-7) - 8/(-56). Suppose -2*q + 751 = 3*t - 0*q, m*q - 8 = 0. What are the prime factors of t?
3, 83
Let a be (-2 - -1) + 21/3. Let x(r) = -11*r**2 + 120*r + 4. Let w be x(11). List the prime factors of (w/a*38)/(5/(-15)).
7, 19
Suppose -20*x - 85 = -37*x. Suppose 5*g = x*p - 1355, 967 = 4*p - 3*g - 112. List the prime factors of p.
2, 7, 19
Suppose -17980 = -27*y + 36157 + 266380. List the prime factors of y.
3, 1319
Suppose -4*v + 108240 = 26*v. List the prime factors of v.
2, 11, 41
Let h = -1907 + 13778. What are the prime factors of h?
3, 1319
Let o = 480 + 637. Let l = o + -231. List the prime factors of l.
2, 443
Let i(v) = 3*v**2 + 8*v - 9. Let c be i(1). Suppose -b = t - 549, 5*b = -6*t + c*t + 2749. List the prime factors of b.
7, 79
Let x = 732 - 142. Let i = -406 + x. What are the prime factors of i?
2, 23
Let n be (-166)/(-18) - 18/81. Suppose -l - 2*l - 4*u + n = 0, 4*u - 14 = 2*l. What are the prime factors of ((-213)/(-12))/(l/(-8))?
2, 71
Let z be 14/10*5/(-3)*114. Let f = z - -1019. What are the prime factors of f?
3, 251
Let b be 12*(-5)/(-2 - -12). Let o(i) be the second derivative of -i**5/10 - 2*i**4/3 + 5*i**3/6 + 4*i**2 - 9*i. What are the prime factors of o(b)?
2, 61
Suppose 0 = d + 2*m, 0 = -3*d - 4*m + 2*m. Suppose 520 = 2*p + 4*l, d*l - 6 = -3*l. Let a = p - 158. List the prime factors of a.
2, 7
Let f be (-10631)/(-6) - (-12 + 6)/36. Suppose 3*j = q - 1586, 2*q - f = -4*j + 1370. List the prime factors of q.
19, 83
Suppose 13554 = -42*g - 7194. Let j = g + 1586. What are the prime factors of j?
2, 3, 7, 13
Let y be 4 - (-54)/(2/28 - 0). Suppose y = -4*k + 2420. What are the prime factors of k?
5, 83
L